n + 399. Give f(24).
-9
Let m(i) = -2*i**2 - 26*i - 114. Determine m(-4).
-42
Let q(f) = 44*f - 107. What is q(-8)?
-459
Let h(m) = -2*m**3 - 194*m**2 - 16. Determine h(-97).
-16
Let j(n) = -2*n**3 + 41*n**2 - 61*n - 113. What is j(19)?
-189
Let p(w) = 1633*w - 14688. Determine p(9).
9
Let r(u) = 2*u**3 + 34*u**2 + 81*u - 49. Give r(-14).
-7
Let x(o) = o**3 + 54*o**2 + 66*o + 99. Calculate x(-53).
-590
Let j(h) = 24*h + 65. What is j(2)?
113
Let l(q) = -58*q + 1489. Calculate l(26).
-19
Let j(k) = 30*k**2 + 6*k - 11. Give j(2).
121
Let p(g) = -g**3 + 53*g**2 - 208*g + 595. Calculate p(49).
7
Let g(y) = 38*y - 434. Give g(11).
-16
Let j(t) = t**3 + 14*t**2 + 49*t - 12. Determine j(-8).
-20
Let g(z) = z**3 - 20*z**2 - 29*z - 224. Calculate g(22).
106
Let o(h) = -h**3 + 19*h**2 + 116*h - 14. Determine o(-5).
6
Let u(f) = 734*f - 161468. Give u(220).
12
Let n(c) = 10*c - 275. Calculate n(46).
185
Let p(q) = -q**3 + 37*q**2 - 10*q - 943. Calculate p(36).
-7
Let f(u) = u**3 + 9*u**2 + 6*u - 1. Determine f(-6).
71
Let d(w) = -4*w**2 - 32*w - 42. Calculate d(-6).
6
Let c(t) = 43*t - 14. Determine c(-7).
-315
Let d(c) = -18*c + 223. Determine d(10).
43
Let i(c) = 9*c**2 - 218*c + 12. Give i(24).
-36
Let l(x) = -17*x**2 - 132*x + 37. What is l(-6)?
217
Let u(k) = 2*k**3 - 63*k**2 + 149*k - 119. What is u(29)?
-3
Let x(f) = f**3 + 33*f**2 + 2*f + 195. Give x(-33).
129
Let s(k) = -k**3 + 4*k**2 - 17*k - 205. Calculate s(-4).
-9
Let h(l) = 3*l**2 + 102*l + 727. Determine h(-24).
7
Let j(r) = -207*r**2 - 13*r - 8. Give j(-1).
-202
Let l(g) = 69*g**2 + 796*g + 796. Determine l(-1).
69
Let l(q) = -q**3 + 55*q**2 - 150*q - 39. Calculate l(3).
-21
Let w(o) = 2*o**3 - 3*o**2 - 66*o + 22. Determine w(7).
99
Let p(t) = -t**3 - 3*t**2 + 62*t + 266. Calculate p(-6).
2
Let w(g) = -638*g - 3830. Give w(-6).
-2
Let h(o) = -4*o**2 + 31*o + 20. Calculate h(11).
-123
Let i(j) = -7*j**2 + 200*j - 105. Calculate i(28).
7
Let f(h) = 13*h**3 - 220*h**2 - 17*h + 23. Determine f(17).
23
Let a(z) = -2*z**3 - 3*z**2 - 18*z - 243. Calculate a(-5).
22
Let y(k) = 5319*k - 170208. What is y(32)?
0
Let p(q) = 2*q**3 + 38*q**2 + 4*q + 73. Give p(-19).
-3
Let v(k) = -25*k + 2133. Determine v(84).
33
Let f(k) = 238*k + 5803. Give f(-25).
-147
Let f(i) = i**3 + 7*i**2 - 16*i + 11. Calculate f(-9).
-7
Let o(v) = 205*v + 18054. Give o(-88).
14
Let r(x) = -x**3 + 19*x**2 - 22*x - 1. Give r(18).
-73
Let j(n) = -2*n**2 - 68*n - 19. What is j(-33)?
47
Let g(a) = -33*a + 1000. What is g(28)?
76
Let z(g) = -3*g**3 + 2*g**2 + 19*g - 37. Determine z(6).
-499
Let t(h) = -h**3 + 39*h**2 + 88*h - 185. Give t(41).
61
Let h(u) = -u**3 + 290*u**2 - 1713*u + 39. Calculate h(6).
-15
Let c(u) = -u**3 + 3*u**2 + 88*u - 15. Determine c(-8).
-15
Let j(t) = -138*t + 1397. Calculate j(10).
17
Let z(j) = j**3 - 4*j**2 + 12*j - 28. Give z(5).
57
Let v(x) = 2*x**2 + 743*x - 3684. What is v(5)?
81
Let z(f) = -3*f**3 + 13*f**2 + 131*f - 519. Calculate z(7).
6
Let d(n) = 333*n + 10630. What is d(-32)?
-26
Let p(s) = -66*s - 220. Calculate p(-4).
44
Let d(b) = 2*b**3 - 132*b**2 + 375*b + 188. Calculate d(63).
-1
Let j(x) = 604*x - 2464. What is j(4)?
-48
Let g(k) = 2*k**2 + 32*k - 210. Give g(-21).
0
Let f(b) = 57*b + 6963. What is f(-122)?
9
Let w(h) = -309*h + 1977. Determine w(4).
741
Let f(k) = 172*k - 31. Determine f(0).
-31
Let m(u) = u**3 - 103*u**2 + 494*u - 22. Calculate m(5).
-2
Let c(s) = s**3 - 13*s**2 - 26*s + 93. Give c(13).
-245
Let w(y) = -9*y**2 - 9*y + 15. Give w(-7).
-363
Let r(c) = 75*c + 43. Calculate r(-2).
-107
Let a(i) = 400*i + 2420. What is a(-6)?
20
Let f(d) = 215*d + 10521. Calculate f(-49).
-14
Let b(s) = -38*s - 801. Calculate b(-20).
-41
Let l(y) = -7*y + 224. What is l(33)?
-7
Let n(g) = -73*g + 842. Determine n(12).
-34
Let q(z) = -75*z**2 - 1368*z + 2. Determine q(-18).
326
Let v(r) = -14*r + 4. What is v(4)?
-52
Let c(j) = -115*j**3 + 2*j**2 - 2*j - 3. What is c(-1)?
116
Let o(k) = -6*k**2 - 95*k - 21. What is o(-15)?
54
Let p(c) = -30*c - 1260. What is p(-42)?
0
Let p(i) = -2*i**2 + 80*i + 90. Give p(41).
8
Let m(d) = -d**3 - 7*d**2 + 56*d + 157. Determine m(-11).
25
Let q(v) = -v**3 - 34*v**2 + 38*v + 36. Determine q(-35).
-69
Let o(m) = -708*m + 3686. What is o(5)?
146
Let i(m) = m**2 - 50*m + 733. Determine i(29).
124
Let v(z) = -31*z + 11. Calculate v(3).
-82
Let j(b) = 3*b**3 + 22*b**2 + 11*b - 9. Determine j(-5).
111
Let s(f) = 6*f + 137. Give s(0).
137
Let l(w) = 19*w**2 - 141*w - 93. Determine l(8).
-5
Let k(n) = 619*n - 4964. Give k(8).
-12
Let t(v) = -115*v - 316. Calculate t(-4).
144
Let l(a) = -a**3 + 16*a**2 - 25*a - 77. Calculate l(16).
-477
Let d(s) = 605*s - 63509. Calculate d(105).
16
Let w(t) = -t**3 - 10*t**2 + 10*t - 8. Give w(-9).
-179
Let u(m) = -m**2 - 19*m - 10. Determine u(-14).
60
Let q(z) = 91*z + 293. Calculate q(-3).
20
Let i(f) = -4*f**2 - 56*f - 185. Calculate i(-6).
7
Let b(j) = -38*j - 6137. Determine b(-161).
-19
Let k(f) = -2*f**3 + 8*f**2 + 15*f - 33. Give k(7).
-222
Let b(o) = o**2 - 115*o - 4165. What is b(144)?
11
Let i(v) = 42*v**3 + 14*v**2 - 32*v - 29. What is i(-1)?
-25
Let b(u) = -u**3 + 18*u**2 + 88*u + 1. Give b(22).
1
Let v(d) = -d - 30. What is v(38)?
-68
Let l(q) = q**3 - 54*q**2 + 277*q - 1570. Calculate l(49).
-2
Let c(r) = -462*r + 25500. Calculate c(55).
90
Let z(k) = k**3 + 9*k**2 + 16*k + 6. What is z(-6)?
18
Let z(t) = 598*t + 2993. Calculate z(-5).
3
Let b(l) = -l**3 - 31*l**2 - 101*l + 16. What is b(-27)?
-173
Let x(o) = -176*o - 19180. What is x(-109)?
4
Let a(z) = 6*z**2 + 11*z + 4. Give a(-2).
6
Let y(g) = 39*g + 1133. Determine y(-29).
2
Let k(l) = 2*l**3 + 28*l**2 - 58*l + 120. Determine k(-16).
24
Let h(a) = 15*a + 1204. Give h(-80).
4
Let n(q) = 14*q + 499. What is n(-9)?
373
Let a(s) = 241*s - 7178. What is a(30)?
52
Let v(t) = t**3 - 30*t**2 - 27*t - 115. Give v(31).
9
Let g(r) = -6*r**2 + 102*r - 42. What is g(16)?
54
Let b(p) = 19*p**2 - 2529*p + 247. What is b(133)?
-19
Let f(d) = -6*d**3 - 41*d**2 - 61*d - 25. Calculate f(-5).
5
Let j(b) = -169*b + 2386. Give j(15).
-149
Let w(c) = 299*c**2 - 350*c. Determine w(1).
-51
Let z(x) = -10*x**2 - 181*x + 54. What is z(-18)?
72
Let n(r) = r**3 - 42*r**2 - 86*r - 122. Calculate n(44).
-34
Let s(x) = -11*x**2 + 21*x - 6. What is s(5)?
-176
Let x(g) = g**3 - 24*g**2 - 33*g + 69. Give x(25).
-131
Let d(l) = l**3 - 94*l**2 + 91*l + 179. Give d(93).
-7
Let o(z) = -z**3 - 74*z**2 + 933*z + 28. What is o(11)?
6
Let w(p) = 13*p + 116. Give w(-13).
-53
Let n(o) = -o**3 + 6*o**2 - 18*o + 18. What is n(3)?
-9
Let h(b) = 59*b - 8259. Determine h(140).
1
Let h(r) = -17*r + 393. Determine h(19).
70
Let s(w) = -132*w + 1321. Calculate s(10).
1
Let y(h) = -h**3 + 6*h**2 + 249*h - 1820. Calculate y(7).
-126
Let t(c) = 2*c**3 - 22*c**2 + 7*c + 1. What is t(7)?
-342
Let h(d) = -6*d - 5. Calculate h(0).
-5
Let j(o) = o**3 - 121*o**2 + 233*o - 58922. What is j(123)?
-5
Let i(w) = -2*w**3 - 43*w**2 - 7*w + 472. Determine i(-21).
178
Let k(c) = -35*c - 468. Give k(-16).
92
Let m(u) = -2*u**3 + 51*u**2 + 26*u + 58. Calculate m(26).
58
Let u(o) = -2*o + 97. Give u(37).
23
Let l(b) = -5*b + 248. Give l(57).
-37
Let b(p) = -222*p + 120. Calculate b(1).
-102
Let g(z) = 156*z - 6735. Give g(43).
-27
Let h(y) = -y**2 - 12*y + 55. Give h(-6).
91
Let p(t) = -172*t - 8. Calculate p(1).
-180
Let v(d) = d**3 - 42*d**2 + 210*d + 47. What is v(6)?
11
Let d(s) = -5*s + 16. What is d(-1)?
21
Let s(p) = 326*p + 10108. Determine s(-31).
2
Let f(d) = 2218*d - 2229. Calculate f(1).
-11
Let z(u) = 1082*u + 27051. Determine z(-25).
1
Let c(i) = 57*i - 578. Calculate c(11).
49
Let c(j) = -j**3 - 5*j**2 + 94*j + 117. Determine c(-12).
-3
Let i(n) = -12*n - 229. Determine i(-19).
-1
Let v(u) = -40*u + 875. Give v(23).
-45
Let n(c) = -c**2 - 55*c - 93. What is n(-54)?
-39
Let h(x) = 3*x**3 + 4*x**2 + 99*x - 221. Give h(2).
17
Let g(k) = 2*k**2 - 203*k - 4441. Calculate g(120).
-1
Let u(a) = 195*a + 11202. Calculate u(-57).
87
Let h(q) = -q**3 + 17*q**2 + 45*q - 54. Determine h(19).
79
Let h(c) = 10*c**3 + 3*c**2. Calculate h(-2).
-68
Let y(p) = 4*p**3 - 64*p**2 - 68*p + 5. Determine y(17).
5
Let m(n) = -3*n - 154. What is m(24)?
-226
Let u(m) = m**3 - 75*m**2 + 126*m + 1459. Calculate u(73).
-1
Let w(c) = -15*c**2 